{"id":97455,"date":"2026-02-04T17:50:48","date_gmt":"2026-02-04T17:50:48","guid":{"rendered":"https:\/\/brandss.com.py\/index\/?post_type=product&#038;p=97455"},"modified":"2026-05-14T18:32:16","modified_gmt":"2026-05-14T18:32:16","slug":"almohadilla-facial-medicube-deep-vita-c-70pcs-150gr","status":"publish","type":"product","link":"https:\/\/brandss.com.py\/index\/producto\/almohadilla-facial-medicube-deep-vita-c-70pcs-150gr\/","title":{"rendered":"ALMOHADILLA FACIAL MEDICUBE DEEP VITA C 70PCS 150GR"},"content":{"rendered":"<p><img loading=\"lazy\" decoding=\"async\" class=\"\" src=\"https:\/\/www.miikorean.com\/cdn\/shop\/collections\/MEDICUBE_533x.webp?v=1756148720\" alt=\"MEDICUBE \u2013 Mii Korean Skincare\" width=\"163\" height=\"52\" \/><\/p>\n<h1>DEEP VITA C<\/h1>\n<p>Es un producto innovador para el cuidado de la piel\u00a0dise\u00f1ado para combatir eficazmente las manchas oscuras y la pigmentaci\u00f3n y dar a la piel un aspecto m\u00e1s luminoso y radiante. Est\u00e1 espec\u00edficamente dise\u00f1ado para proporcionar una exfoliaci\u00f3n suave y refrescante, ayudando a aclarar y suavizar la piel. <span dir=\"auto\">Discos t\u00f3nicos veganos enriquecidos con vitaminas altamente concentradas que exfolian suavemente las c\u00e9lulas muertas de la piel y ayudan a revelar una piel m\u00e1s luminosa. <\/span><span dir=\"auto\">Sus discos de doble textura exfolian e hidratan la piel simult\u00e1neamente. <\/span><span dir=\"auto\">Ofrecen un efecto iluminador que reduce las manchas oscuras. <\/span><span dir=\"auto\">Suavizan la textura de la piel eliminando las c\u00e9lulas muertas acumuladas y el sebo que obstruye los poros. <\/span><span dir=\"auto\">Sin ingredientes nocivos, apto para piel sensible.<img loading=\"lazy\" decoding=\"async\" class=\"alignleft\" src=\"https:\/\/koreanskincare.co.uk\/cdn\/shop\/files\/20220830_ME_deepvitapad14577copy.jpg?v=1751277968\" width=\"462\" height=\"462\" \/><\/span><\/p>\n<h3><strong>Ventajas:<\/strong><\/h3>\n<ul>\n<li><strong>Doble funci\u00f3n:<\/strong>\u00a0Tiene un lado en relieve para la exfoliaci\u00f3n y un lado sedoso para un efecto pulidor, proporcionando resultados m\u00e1s completos.<\/li>\n<li><strong>Cl\u00ednicamente probado:<\/strong>\u00a0El producto ha sido probado cl\u00ednicamente y se ha demostrado que mejora el aspecto de la piel, concretamente que reduce las manchas oscuras y las imperfecciones.<\/li>\n<li><strong>Combate las manchas oscuras y la pigmentaci\u00f3n:<\/strong>\u00a0El producto es especialmente eficaz para reducir la visibilidad de las manchas oscuras y la pigmentaci\u00f3n.<\/li>\n<\/ul>\n<p>&nbsp;<\/p>\n<h3><b><span dir=\"auto\">\u00bfQu\u00e9 las hace especiales?<\/span><\/b><span dir=\"auto\">\u00a0<\/span><\/h3>\n<p>&nbsp;<\/p>\n<p><span dir=\"auto\">PUNTO 1. Iluminan la piel con ingredientes vitam\u00ednicos.\u00a0<\/span><\/p>\n<p><span dir=\"auto\">PUNTO 2. Eficaces para atenuar visiblemente las manchas oscuras e imperfecciones.\u00a0<\/span><\/p>\n<p><span dir=\"auto\">PUNTO 3. Cuidado visible de la hiperpigmentaci\u00f3n desde el interior hasta el exterior de la piel.\u00a0<\/span><\/p>\n<p>&nbsp;<\/p>\n<h3><span class=\"more\"><b><span dir=\"auto\">Prueba cl\u00ednica:\u00a0<\/span><\/b><\/span><span class=\"more\"><b><span dir=\"auto\">Almohadilla Deep Vita C, 13 autopruebas completas (4 semanas).<\/span><\/b><\/span><span class=\"more\"><span dir=\"auto\">\u00a0<\/span><\/span><\/h3>\n<ul>\n<li><span class=\"more\"><span dir=\"auto\">Manchas oscuras e imperfecciones: 5,6 % mejoradas. <\/span><\/span><\/li>\n<li>Luminosidad de la piel: 8,8 % mejorada.<\/li>\n<li>Hidrataci\u00f3n de la piel externa: 13,7 % mejorada.<img loading=\"lazy\" decoding=\"async\" class=\"alignright\" src=\"https:\/\/koreanskincare.co.uk\/cdn\/shop\/files\/1_81ab1500-6c08-42c0-a1eb-55adf25ef86bkopie.jpg?v=1751277968\" width=\"546\" height=\"546\" \/><\/li>\n<li>Hidrataci\u00f3n de la piel interna: 3,1 % mejorada.<\/li>\n<li>Piel muerta: 43,5 % mejorada.<\/li>\n<li>Efecto refrescante instant\u00e1neo: 4,4 \u00b0C menos.<\/li>\n<li>Lifting facial: 5,5 % mejorado.<\/li>\n<\/ul>\n<p>&nbsp;<\/p>\n<h3><strong>Uso:<\/strong><\/h3>\n<ol>\n<li><strong>Despu\u00e9s de la limpieza:<\/strong> empezar limpiando bien el rostro. Esto prepara la piel para recibir los ingredientes activos de la almohadilla.<\/li>\n<li><strong>Utilice el lado con relieve:<\/strong> con el lado en relieve de la almohadilla, pase suavemente por el rostro desde el centro hacia fuera. Este lado proporciona un suave efecto exfoliante, ayudando a eliminar las c\u00e9lulas muertas de la piel y promoviendo la renovaci\u00f3n celular.<\/li>\n<li><strong>Dar la vuelta a la almohadilla:<\/strong> despu\u00e9s de utilizar el lado con relieve, dale la vuelta a la almohadilla y utiliza el lado sedoso. P\u00e1sala de nuevo por el rostro para dar un \u00faltimo toque de pulido. Este lado ayuda a pulir la piel y proporciona un extra de hidrataci\u00f3n.<\/li>\n<li><strong>Dar ligeros golpecitos:<\/strong> despu\u00e9s de utilizar ambos lados de la almohadilla, da ligeros golpecitos para ayudar a la piel a absorber cualquier resto de esencia del producto.<\/li>\n<\/ol>\n<p><strong>&#8211; Uso Como mascarilla:<\/strong> las almohadillas tambi\u00e9n pueden utilizarse como mascarilla facial. Coloque una almohadilla en la zona deseada y d\u00e9jela actuar de 5 a 10 minutos para proporcionar un tratamiento intensivo de esencias.<\/p>\n","protected":false},"excerpt":{"rendered":"<p>DEEP VITA C Es un producto innovador para el cuidado de la piel\u00a0dise\u00f1ado para combatir eficazmente las manchas oscuras y<\/p>\n","protected":false},"featured_media":97456,"comment_status":"open","ping_status":"closed","template":"","meta":{"nf_dc_page":""},"product_brand":[2664],"product_cat":[104],"product_tag":[2675],"class_list":{"0":"post-97455","1":"product","2":"type-product","3":"status-publish","4":"has-post-thumbnail","6":"product_brand-medicube","7":"product_cat-skin-care","8":"product_tag-2675","10":"first","11":"instock","12":"sale","13":"shipping-taxable","14":"purchasable","15":"product-type-simple"},"_links":{"self":[{"href":"https:\/\/brandss.com.py\/index\/wp-json\/wp\/v2\/product\/97455","targetHints":{"allow":["GET"]}}],"collection":[{"href":"https:\/\/brandss.com.py\/index\/wp-json\/wp\/v2\/product"}],"about":[{"href":"https:\/\/brandss.com.py\/index\/wp-json\/wp\/v2\/types\/product"}],"replies":[{"embeddable":true,"href":"https:\/\/brandss.com.py\/index\/wp-json\/wp\/v2\/comments?post=97455"}],"version-history":[{"count":1,"href":"https:\/\/brandss.com.py\/index\/wp-json\/wp\/v2\/product\/97455\/revisions"}],"predecessor-version":[{"id":97467,"href":"https:\/\/brandss.com.py\/index\/wp-json\/wp\/v2\/product\/97455\/revisions\/97467"}],"wp:featuredmedia":[{"embeddable":true,"href":"https:\/\/brandss.com.py\/index\/wp-json\/wp\/v2\/media\/97456"}],"wp:attachment":[{"href":"https:\/\/brandss.com.py\/index\/wp-json\/wp\/v2\/media?parent=97455"}],"wp:term":[{"taxonomy":"product_brand","embeddable":true,"href":"https:\/\/brandss.com.py\/index\/wp-json\/wp\/v2\/product_brand?post=97455"},{"taxonomy":"product_cat","embeddable":true,"href":"https:\/\/brandss.com.py\/index\/wp-json\/wp\/v2\/product_cat?post=97455"},{"taxonomy":"product_tag","embeddable":true,"href":"https:\/\/brandss.com.py\/index\/wp-json\/wp\/v2\/product_tag?post=97455"}],"curies":[{"name":"wp","href":"https:\/\/api.w.org\/{rel}","templated":true}]}}