{"id":97651,"date":"2026-02-06T13:46:11","date_gmt":"2026-02-06T13:46:11","guid":{"rendered":"https:\/\/brandss.com.py\/index\/?post_type=product&#038;p=97651"},"modified":"2026-05-02T16:33:18","modified_gmt":"2026-05-02T16:33:18","slug":"serum-facial-skin1004-madagascar-centella-tea-trica-relief-ampoule-100ml","status":"publish","type":"product","link":"https:\/\/brandss.com.py\/index\/producto\/serum-facial-skin1004-madagascar-centella-tea-trica-relief-ampoule-100ml\/","title":{"rendered":"S\u00c9RUM FACIAL SKIN1004 MADAGASCAR CENTELLA TEA-TRICA RELIEF AMPOULE 100ML"},"content":{"rendered":"<p><img loading=\"lazy\" decoding=\"async\" class=\"\" src=\"https:\/\/heyskinday.com\/cdn\/shop\/collections\/skin1004_logo.png?v=1714498278\" alt=\"Skin1004 | Korean Beauty | HeySkinday\" width=\"133\" height=\"133\" \/><\/p>\n<h1>MADAGASCAR CENTELLA TEA-TRICA RELIEF<\/h1>\n<p><span dir=\"auto\">\u00a1El s\u00e9rum calmante con 55 % de centella y 9 % de agua de \u00e1rbol de t\u00e9 es el tratamiento SOS perfecto para pieles con problemas e irritadas! Ofrece un cuidado calmante para pieles propensas a brotes y regula la actividad de las gl\u00e1ndulas seb\u00e1ceas. Ayuda a reducir la aparici\u00f3n de nuevas imperfecciones y a mejorar su aspecto. El producto tiene un efecto refrescante. No est\u00e1 testado en animales. Apto para pieles grasas, mixtas y problem\u00e1ticas.<img loading=\"lazy\" decoding=\"async\" class=\"alignleft\" src=\"https:\/\/static.sweetcare.com\/img\/prd\/max\/v-638261493414926012\/skin1004-018202kn-1.jpg\" width=\"641\" height=\"641\" \/><\/span><\/p>\n<p>Madagascar Centella Tea-Trica Ampolla Alivio\u00a0es un tratamiento suave pero potente para pieles\u00a0propensas al acn\u00e9\u00a0y\u00a0sensibles\u00a0. Enriquecida con\u00a0agua de hojas de \u00c1rbol del T\u00e9, ayuda a\u00a0calmar\u00a0la piel irritada y\u00a0reducir la producci\u00f3n de sebo, lo que se traduce en una mejora de la textura de la piel.<\/p>\n<p>\u00a1La transformaci\u00f3n de la piel propensa al acn\u00e9\u00a0comienza ahora!<\/p>\n<p>&nbsp;<\/p>\n<p>Esta ampolla\u00a0ligeray\u00a0no comedog\u00e9nica\u00a0est\u00e1 impregnada con\u00a0un 80% de Tea-Trica\u00a0, una mezcla \u00fanica de\u00a0agua de hoja de \u00c1rbol del T\u00e9,\u00a0extracto de Pino de hoja larga, y\u00a0agua de Cipr\u00e9s, que act\u00faan conjuntamente para\u00a0calmar\u00a0y\u00a0nutrir\u00a0la piel. La f\u00f3rmula tambi\u00e9n est\u00e1 enriquecida con\u00a0un 55% de\u00a0<i>Centella\u00a0<\/i>extracto\u00a0de<i>Asiatica<\/i>\u00a0, que posee fuertes propiedades\u00a0calmantesde la piel\u00a0.<\/p>\n<p>El\u00a0complejo de agujas de \u00e1rbol, junto con\u00a0antiseborreico P(HD)- una mezcla de\u00a0<u>extractos de plantas<\/u>\u00a0ayuda a reducir\u00a0la apariencia de\u00a0poros dilatados, controlar el exceso de secreci\u00f3n seb\u00e1cea y mejorar la textura de la piel. Esta f\u00f3rmula sin crueldad\u00a0nocontiene\u00a0fragancias artificiales, aceites esenciales, aceite mineral ni alcohol, por lo que es adecuada incluso para las pieles m\u00e1s sensibles.<\/p>\n<h3><strong><span dir=\"auto\">Ingredientes clave<\/span><\/strong><\/h3>\n<p><strong><span dir=\"auto\">\u00a0<\/span><\/strong><br \/>\n<span dir=\"auto\">Extracto de Centella asi\u00e1tica, agua de hoja de Melaleuca alternifolia (\u00e1rbol del t\u00e9), extracto de hoja de Pinus palustris, extracto de flor de Oenothera biennis (onagra), agua de Chamaecyparis obtusa.<img loading=\"lazy\" decoding=\"async\" class=\"alignright\" src=\"https:\/\/static.sweetcare.com\/img\/prd\/max\/v-638261494130820795\/skin1004-018202kn-3.jpg\" width=\"544\" height=\"544\" \/><\/span><\/p>\n<h3><strong><span dir=\"auto\">Beneficios<\/span><\/strong><\/h3>\n<ul>\n<li><span dir=\"auto\">S\u00e9rum calmante con 55% de centella y 9% de agua de \u00e1rbol de t\u00e9.<\/span><\/li>\n<li>\u00a1Es un tratamiento SOS perfecto para pieles problem\u00e1ticas e irritadas!<\/li>\n<li>Tiene un efecto antibacteriano y antiinflamatorio.<\/li>\n<li>Regula la actividad de las gl\u00e1ndulas seb\u00e1ceas.<\/li>\n<li>Previene la aparici\u00f3n de acn\u00e9 y puntos negros.<\/li>\n<li>Acelera la curaci\u00f3n de los granos existentes.<\/li>\n<li>Tiene un efecto refrescante y refrescante.<\/li>\n<li>No est\u00e1 probado en animales<\/li>\n<\/ul>\n<p><strong><span dir=\"auto\">Modo de uso:<\/span><\/strong><\/p>\n<p><span dir=\"auto\">Sobre la piel limpia y tonificada, aplicar 1 o 2 gotas de s\u00e9rum, insistiendo en las zonas irritadas e inflamadas del rostro. A continuaci\u00f3n, aplicar la crema hidratante.<\/span><\/p>\n<p>1. Despu\u00e9s de limpiar y aplicar t\u00f3nico, tomar una cantidad adecuada y aplicar en el rostro.<br \/>\n2. Da palmaditas hasta que se absorba completamente.<\/p>\n<p>Ideal en:<br \/>\nRutina de d\u00eda \/ Rutina de noche<\/p>\n","protected":false},"excerpt":{"rendered":"<p>MADAGASCAR CENTELLA TEA-TRICA RELIEF \u00a1El s\u00e9rum calmante con 55 % de centella y 9 % de agua de \u00e1rbol de<\/p>\n","protected":false},"featured_media":97652,"comment_status":"open","ping_status":"closed","template":"","meta":{"nf_dc_page":""},"product_brand":[2689],"product_cat":[104],"product_tag":[2696],"class_list":{"0":"post-97651","1":"product","2":"type-product","3":"status-publish","4":"has-post-thumbnail","6":"product_brand-skin1004","7":"product_cat-skin-care","8":"product_tag-2696","10":"first","11":"instock","12":"sale","13":"shipping-taxable","14":"purchasable","15":"product-type-simple"},"_links":{"self":[{"href":"https:\/\/brandss.com.py\/index\/wp-json\/wp\/v2\/product\/97651","targetHints":{"allow":["GET"]}}],"collection":[{"href":"https:\/\/brandss.com.py\/index\/wp-json\/wp\/v2\/product"}],"about":[{"href":"https:\/\/brandss.com.py\/index\/wp-json\/wp\/v2\/types\/product"}],"replies":[{"embeddable":true,"href":"https:\/\/brandss.com.py\/index\/wp-json\/wp\/v2\/comments?post=97651"}],"version-history":[{"count":1,"href":"https:\/\/brandss.com.py\/index\/wp-json\/wp\/v2\/product\/97651\/revisions"}],"predecessor-version":[{"id":97660,"href":"https:\/\/brandss.com.py\/index\/wp-json\/wp\/v2\/product\/97651\/revisions\/97660"}],"wp:featuredmedia":[{"embeddable":true,"href":"https:\/\/brandss.com.py\/index\/wp-json\/wp\/v2\/media\/97652"}],"wp:attachment":[{"href":"https:\/\/brandss.com.py\/index\/wp-json\/wp\/v2\/media?parent=97651"}],"wp:term":[{"taxonomy":"product_brand","embeddable":true,"href":"https:\/\/brandss.com.py\/index\/wp-json\/wp\/v2\/product_brand?post=97651"},{"taxonomy":"product_cat","embeddable":true,"href":"https:\/\/brandss.com.py\/index\/wp-json\/wp\/v2\/product_cat?post=97651"},{"taxonomy":"product_tag","embeddable":true,"href":"https:\/\/brandss.com.py\/index\/wp-json\/wp\/v2\/product_tag?post=97651"}],"curies":[{"name":"wp","href":"https:\/\/api.w.org\/{rel}","templated":true}]}}