{"id":97672,"date":"2026-02-06T17:04:48","date_gmt":"2026-02-06T17:04:48","guid":{"rendered":"https:\/\/brandss.com.py\/index\/?post_type=product&#038;p=97672"},"modified":"2026-04-21T11:28:36","modified_gmt":"2026-04-21T11:28:36","slug":"serum-facial-skin1004-madagascar-centella-ampoule-100ml","status":"publish","type":"product","link":"https:\/\/brandss.com.py\/index\/producto\/serum-facial-skin1004-madagascar-centella-ampoule-100ml\/","title":{"rendered":"S\u00c9RUM FACIAL SKIN1004 MADAGASCAR CENTELLA AMPOULE 100ML"},"content":{"rendered":"<p><img loading=\"lazy\" decoding=\"async\" class=\"\" src=\"https:\/\/heyskinday.com\/cdn\/shop\/collections\/skin1004_logo.png?v=1714498278\" alt=\"Skin1004 | Korean Beauty | HeySkinday\" width=\"132\" height=\"132\" \/><\/p>\n<h1>MADAGASCAR CENTELLA AMPOULE<\/h1>\n<p><span dir=\"auto\">Un s\u00e9rum facial que hidrata y nutre eficazmente la piel. Contiene un solo ingrediente: extracto de centella asi\u00e1tica. El extracto de Centella de Madagascar restaura r\u00e1pidamente la piel da\u00f1ada y elimina la inflamaci\u00f3n. La planta estimula la renovaci\u00f3n tisular a nivel celular y ayuda a eliminar el picor, la irritaci\u00f3n y las alergias. Adem\u00e1s, la centella aporta hidrataci\u00f3n y nutrientes a la dermis. El extracto vegetal contiene potentes antioxidantes que estimulan la producci\u00f3n natural de col\u00e1geno y \u00e1cido hialur\u00f3nico. Apto para todo tipo de piel, especialmente para pieles sensibles. Tambi\u00e9n se puede usar durante el embarazo y la lactancia.<img loading=\"lazy\" decoding=\"async\" class=\"alignleft\" src=\"https:\/\/static.sweetcare.com\/img\/prd\/max\/v-638260739495103480\/skin1004-017949kn-3.jpg\" width=\"558\" height=\"558\" \/><\/span><\/p>\n<p>Madagascar Centella Ampoule es una ampolla sedante\u00a0que ayuda a restablecer el equilibrio de la piel. Este producto contiene un 100% de extracto de Centella Asi\u00e1tica, que calma e hidrata la piel en profundidad. La centella asi\u00e1tica, tambi\u00e9n conocida como hierba del tigre, es conocida por sus propiedades antiinflamatorias y su capacidad para favorecer la cicatrizaci\u00f3n de la piel, por lo que esta ampolla es ideal para pieles sensibles, irritadas o da\u00f1adas.<\/p>\n<h3><strong>Ventajas<\/strong><\/h3>\n<ul>\n<li><strong>Efecto calmante:<\/strong>\u00a0La ampolla contiene extracto de Centella Asi\u00e1tica que calma la piel y reduce la irritaci\u00f3n, por lo que es ideal para pieles sensibles o irritadas.<\/li>\n<li><strong>F\u00e1cil de usar Uso:<\/strong>\u00a0F\u00e1cil de aplicar, la piel la absorbe r\u00e1pidamente sin dejar sensaci\u00f3n pegajosa.<\/li>\n<li><strong>Contiene ingredientes eficaces:<\/strong>\u00a0Formulado con ingredientes de alta calidad sin aditivos innecesarios, reduciendo el riesgo de irritaci\u00f3n de la piel.<\/li>\n<li><strong>Propiedades antiinflamatorias:<\/strong>\u00a0La centella asi\u00e1tica es conocida por sus propiedades antiinflamatorias, ayudando a tratar y prevenir problemas de la piel como el acn\u00e9.<\/li>\n<li><strong>Mejora la textura de la piel:<\/strong>\u00a0Regular Uso contribuye a suavizar la textura de la piel y a reducir la visibilidad de l\u00edneas finas y arrugas.<\/li>\n<\/ul>\n<h3><strong><span dir=\"auto\">Beneficios<\/span><\/strong><\/h3>\n<ul>\n<li><span dir=\"auto\">F\u00f3rmula con extracto natural de Centella asi\u00e1tica para fortalecer la barrera cut\u00e1nea sin causar irritaci\u00f3n.<\/span><\/li>\n<li>Alivia instant\u00e1neamente el enrojecimiento y la irritaci\u00f3n.<\/li>\n<li>Hidrata profundamente sin dejar sensaci\u00f3n de pesadez ni pegajosidad.<\/li>\n<li>Fortalece la barrera cut\u00e1nea y mejora la resiliencia.<\/li>\n<li>Favorece el cuidado del acn\u00e9 con propiedades antiinflamatorias.<\/li>\n<li>Textura ligera que se absorbe r\u00e1pidamente.<\/li>\n<li>Restaura la piel da\u00f1ada.<\/li>\n<li>Regula el equilibrio de humedad y grasa en la piel.<\/li>\n<li>Apto para todo tipo de piel.<\/li>\n<li><strong data-start=\"747\" data-end=\"776\">Extracto de Centella Asi\u00e1tica <\/strong>100 % de alta calidad\u00a0de Madagascar<\/li>\n<\/ul>\n<h3><strong>Uso<img decoding=\"async\" class=\"alignright\" src=\"https:\/\/www.skin1004.com\/cdn\/shop\/files\/Ampoule_3.jpg?v=1738758715\" \/><\/strong><\/h3>\n<ol>\n<li>Limpieza y tonificaci\u00f3n:\u00a0Empiece limpiando y tonificando el rostro para preparar la piel para la ampolla.<\/li>\n<li>Aplicar:\u00a0Utilice la pipeta para aplicar una cantidad adecuada de ampolla sobre la piel.<\/li>\n<li>Distribuir uniformemente:\u00a0Aplicar el producto a lo largo de la textura de la piel para garantizar una distribuci\u00f3n uniforme.<\/li>\n<li>Favorecer la absorci\u00f3n:\u00a0Aplicar suavemente la ampolla sobre la piel para favorecer la absorci\u00f3n y obtener el mejor efecto posible.<\/li>\n<\/ol>\n<p>&nbsp;<\/p>\n","protected":false},"excerpt":{"rendered":"<p>MADAGASCAR CENTELLA AMPOULE Un s\u00e9rum facial que hidrata y nutre eficazmente la piel. Contiene un solo ingrediente: extracto de centella<\/p>\n","protected":false},"featured_media":97673,"comment_status":"open","ping_status":"closed","template":"","meta":{"nf_dc_page":""},"product_brand":[2689],"product_cat":[104],"product_tag":[2698],"class_list":{"0":"post-97672","1":"product","2":"type-product","3":"status-publish","4":"has-post-thumbnail","6":"product_brand-skin1004","7":"product_cat-skin-care","8":"product_tag-2698","10":"first","11":"outofstock","12":"shipping-taxable","13":"purchasable","14":"product-type-simple"},"_links":{"self":[{"href":"https:\/\/brandss.com.py\/index\/wp-json\/wp\/v2\/product\/97672","targetHints":{"allow":["GET"]}}],"collection":[{"href":"https:\/\/brandss.com.py\/index\/wp-json\/wp\/v2\/product"}],"about":[{"href":"https:\/\/brandss.com.py\/index\/wp-json\/wp\/v2\/types\/product"}],"replies":[{"embeddable":true,"href":"https:\/\/brandss.com.py\/index\/wp-json\/wp\/v2\/comments?post=97672"}],"version-history":[{"count":1,"href":"https:\/\/brandss.com.py\/index\/wp-json\/wp\/v2\/product\/97672\/revisions"}],"predecessor-version":[{"id":97682,"href":"https:\/\/brandss.com.py\/index\/wp-json\/wp\/v2\/product\/97672\/revisions\/97682"}],"wp:featuredmedia":[{"embeddable":true,"href":"https:\/\/brandss.com.py\/index\/wp-json\/wp\/v2\/media\/97673"}],"wp:attachment":[{"href":"https:\/\/brandss.com.py\/index\/wp-json\/wp\/v2\/media?parent=97672"}],"wp:term":[{"taxonomy":"product_brand","embeddable":true,"href":"https:\/\/brandss.com.py\/index\/wp-json\/wp\/v2\/product_brand?post=97672"},{"taxonomy":"product_cat","embeddable":true,"href":"https:\/\/brandss.com.py\/index\/wp-json\/wp\/v2\/product_cat?post=97672"},{"taxonomy":"product_tag","embeddable":true,"href":"https:\/\/brandss.com.py\/index\/wp-json\/wp\/v2\/product_tag?post=97672"}],"curies":[{"name":"wp","href":"https:\/\/api.w.org\/{rel}","templated":true}]}}