{"id":97706,"date":"2026-02-06T18:39:43","date_gmt":"2026-02-06T18:39:43","guid":{"rendered":"https:\/\/brandss.com.py\/index\/?post_type=product&#038;p=97706"},"modified":"2026-04-21T11:28:36","modified_gmt":"2026-04-21T11:28:36","slug":"tonico-facial-skin1004-madagascar-centella-tone-brightening-boosting-210ml","status":"publish","type":"product","link":"https:\/\/brandss.com.py\/index\/producto\/tonico-facial-skin1004-madagascar-centella-tone-brightening-boosting-210ml\/","title":{"rendered":"T\u00d3NICO FACIAL SKIN1004 MADAGASCAR CENTELLA TONE BRIGHTENING BOOSTING 210ML"},"content":{"rendered":"<p><img loading=\"lazy\" decoding=\"async\" class=\"\" src=\"https:\/\/heyskinday.com\/cdn\/shop\/collections\/skin1004_logo.png?v=1714498278\" alt=\"Skin1004 | Korean Beauty | HeySkinday\" width=\"137\" height=\"137\" \/><\/p>\n<h1>MADAGASCAR CENTELLA TONE BRIGHTENING BOOSTING<\/h1>\n<p>Es un t\u00f3nico de alto rendimiento que combina centella asi\u00e1tica para el cuidado de la piel con \u00e1cidos PHA exfoliantes suaves y niacinamida que da luminosidad. El resultado es un t\u00f3nico hidratante y aclarador que mejora eficazmente el tono, la textura y el equilibrio de la piel, al tiempo que es suave para la piel sensible. Es ideal como primer paso despu\u00e9s de la limpieza y prepara la piel de manera \u00f3ptima para los productos de cuidado de la piel posteriores.<img loading=\"lazy\" decoding=\"async\" class=\"alignleft\" src=\"https:\/\/static.wixstatic.com\/media\/f5a2cd_1c4a3c4e5dff4291bcd4e7d064bb0594~mv2.webp\" width=\"525\" height=\"483\" \/><\/p>\n<p>Con su f\u00f3rmula bien desarrollada, el t\u00f3nico ayuda a calmar la piel irritada, reducir la pigmentaci\u00f3n visible y crear un tono de piel m\u00e1s uniforme y claro. Se absorbe r\u00e1pidamente, no deja sensaci\u00f3n pegajosa y es adecuado para todo tipo de pieles, especialmente para aquellos que desean lograr brillo, una textura de piel m\u00e1s uniforme y una funci\u00f3n de barrera fortalecida en un solo paso.<\/p>\n<h3>Caracter\u00edsticas:<\/h3>\n<ul>\n<li>Suaviza, calma e ilumina la piel.<\/li>\n<li>Iguala el tono.<\/li>\n<li>Elimina las c\u00e9lulas muertas.<\/li>\n<li>Ligeramente \u00e1cido para igualar el pH de la piel.<\/li>\n<li>Hidrata y refuerza\u00a0la barrera cut\u00e1nea.<\/li>\n<\/ul>\n<p>&nbsp;<\/p>\n<p>De textura acuosa y absorci\u00f3n r\u00e1pida, este t\u00f3nico nutre, hidrata y equilibra la piel, dejando una agradable sensaci\u00f3n de frescor y calma tras su uso.<\/p>\n<p>Formulado con un 90% de centella asi\u00e1tica para calmar la piel sensible o irritada. Por otro lado, tambi\u00e9n contiene abrillantadores naturales como la niacinamida y el madecassoside, que promueven la regeneraci\u00f3n celular y eliminan las c\u00e9lulas muertas.<\/p>\n<p>&nbsp;<\/p>\n<h3>Ingredientes clave<\/h3>\n<p><strong>Niacinamida:<\/strong>\u00a0confiere\u00a0a la piel un\u00a0tono radiante y luminoso, a la vez que\u00a0refuerza la barrera cut\u00e1nea y controla la producci\u00f3n de sebo.<\/p>\n<p><strong>MadeWhite\u2122:<\/strong> un innovador complejo bot\u00e1nico con Madecassoside,que inhibe la s\u00edntesis de melanina, evitando la aparici\u00f3n de manchas y mejorando la luminosidad del rostro.<\/p>\n<p><strong>Singreen: <\/strong>complejo de ingredientes bot\u00e1nicos y extractos de frutas como la Papaya, que exfolia suavemente la epidermis,\u00a0eliminando las c\u00e9lulas muertas y favoreciendo la regeneraci\u00f3n celular.<\/p>\n<p>&nbsp;<\/p>\n<p>La gama\u00a0<em>Tone Brightening<\/em>\u00a0de\u00a0<em>SKIN1004<\/em>\u00a0est\u00e1 especialmente dise\u00f1ada para tratar la pigmentaci\u00f3n y las manchas en la piel. Adem\u00e1s, mejora la luminosidad e iguala el tono.<\/p>\n<p><em>SKIN1004<\/em>\u00a0es una marca vegana con sello PETA, formulada\u00a0con ingredientes 100% naturales y<em>\u00a0cruelty free.<\/em><\/p>\n<h3><strong>Ventajas<img decoding=\"async\" class=\"alignright\" src=\"https:\/\/www.skin1004.com\/cdn\/shop\/files\/Boosting_Toner_3.jpg?v=1738723272\" \/><\/strong><\/h3>\n<ul>\n<li><strong>Extracto de centella asi\u00e1tica<\/strong>\u00a0\u2013 calma y fortalece la barrera de la piel.<\/li>\n<li><strong>PHA (\u00e1cidos polihidroxi)<\/strong>\u00a0\u2013 ofrece una exfoliaci\u00f3n suave y mejora la textura y el brillo de la piel.<\/li>\n<li><strong>Niacinamida<\/strong>\u00a0\u2013 reduce las manchas de pigmentaci\u00f3n, fortalece la barrera cut\u00e1nea y equilibra la producci\u00f3n de sebo.<\/li>\n<li><strong>\u00c1cido hialur\u00f3nico &amp; glicerina<\/strong>\u00a0\u2013 hidratan eficazmente y proporcionan un efecto relleno y voluminoso.<\/li>\n<li><strong>Alanto\u00edna &amp; pantenol<\/strong>\u00a0\u2013 cuidan, calman y aportan hidrataci\u00f3n duradera.<\/li>\n<li><strong>Libre de alcohol, perfume, parabenos y siliconas<\/strong>\u00a0\u2013 una f\u00f3rmula suave y segura adecuada para todos.<\/li>\n<li><strong>Vegano y cruelty-free<\/strong>\u00a0\u2013 desarrollado sin pruebas en animales y con consideraci\u00f3n por el medio ambiente.<\/li>\n<\/ul>\n<h3><strong>Uso<\/strong><\/h3>\n<ol>\n<li>Limpia bien el rostro y el cuello.<\/li>\n<li>Aplica una peque\u00f1a cantidad de t\u00f3nico en un disco de algod\u00f3n o en las manos limpias.<\/li>\n<li>Aplica el t\u00f3nico suavemente sobre el rostro y el cuello, o masajea en la piel con movimientos suaves y palmaditas para obtener el mejor efecto.<\/li>\n<li>Contin\u00faa con suero y crema hidratante como parte de tu rutina de cuidado de la piel.<\/li>\n<li>Usar por la ma\u00f1ana y por la noche, despu\u00e9s de la limpieza pero antes de cualquier tratamiento.<\/li>\n<\/ol>\n","protected":false},"excerpt":{"rendered":"<p>MADAGASCAR CENTELLA TONE BRIGHTENING BOOSTING Es un t\u00f3nico de alto rendimiento que combina centella asi\u00e1tica para el cuidado de la<\/p>\n","protected":false},"featured_media":97707,"comment_status":"open","ping_status":"closed","template":"","meta":{"nf_dc_page":""},"product_brand":[2689],"product_cat":[104],"product_tag":[2701],"class_list":{"0":"post-97706","1":"product","2":"type-product","3":"status-publish","4":"has-post-thumbnail","6":"product_brand-skin1004","7":"product_cat-skin-care","8":"product_tag-2701","10":"first","11":"outofstock","12":"shipping-taxable","13":"purchasable","14":"product-type-simple"},"_links":{"self":[{"href":"https:\/\/brandss.com.py\/index\/wp-json\/wp\/v2\/product\/97706","targetHints":{"allow":["GET"]}}],"collection":[{"href":"https:\/\/brandss.com.py\/index\/wp-json\/wp\/v2\/product"}],"about":[{"href":"https:\/\/brandss.com.py\/index\/wp-json\/wp\/v2\/types\/product"}],"replies":[{"embeddable":true,"href":"https:\/\/brandss.com.py\/index\/wp-json\/wp\/v2\/comments?post=97706"}],"version-history":[{"count":1,"href":"https:\/\/brandss.com.py\/index\/wp-json\/wp\/v2\/product\/97706\/revisions"}],"predecessor-version":[{"id":97715,"href":"https:\/\/brandss.com.py\/index\/wp-json\/wp\/v2\/product\/97706\/revisions\/97715"}],"wp:featuredmedia":[{"embeddable":true,"href":"https:\/\/brandss.com.py\/index\/wp-json\/wp\/v2\/media\/97707"}],"wp:attachment":[{"href":"https:\/\/brandss.com.py\/index\/wp-json\/wp\/v2\/media?parent=97706"}],"wp:term":[{"taxonomy":"product_brand","embeddable":true,"href":"https:\/\/brandss.com.py\/index\/wp-json\/wp\/v2\/product_brand?post=97706"},{"taxonomy":"product_cat","embeddable":true,"href":"https:\/\/brandss.com.py\/index\/wp-json\/wp\/v2\/product_cat?post=97706"},{"taxonomy":"product_tag","embeddable":true,"href":"https:\/\/brandss.com.py\/index\/wp-json\/wp\/v2\/product_tag?post=97706"}],"curies":[{"name":"wp","href":"https:\/\/api.w.org\/{rel}","templated":true}]}}