{"id":97716,"date":"2026-02-06T19:09:07","date_gmt":"2026-02-06T19:09:07","guid":{"rendered":"https:\/\/brandss.com.py\/index\/?post_type=product&#038;p=97716"},"modified":"2026-04-21T11:28:36","modified_gmt":"2026-04-21T11:28:36","slug":"limpiador-facial-skin1004-madagascar-centella-ampoule-foam-125ml","status":"publish","type":"product","link":"https:\/\/brandss.com.py\/index\/producto\/limpiador-facial-skin1004-madagascar-centella-ampoule-foam-125ml\/","title":{"rendered":"LIMPIADOR FACIAL SKIN1004 MADAGASCAR CENTELLA AMPOULE FOAM 125ML"},"content":{"rendered":"<p><img loading=\"lazy\" decoding=\"async\" class=\"\" src=\"https:\/\/heyskinday.com\/cdn\/shop\/collections\/skin1004_logo.png?v=1714498278\" alt=\"Skin1004 | Korean Beauty | HeySkinday\" width=\"177\" height=\"177\" \/><\/p>\n<h1>MADAGASCAR CENTELLA AMPOULE FOAM<\/h1>\n<p>Es una\u00a0espuma limpiadora que elimina eficazmente el maquillaje y las impurezas sin resecar la piel. El producto contiene un 84% de extracto de Centella Asi\u00e1tica, conocida por sus propiedades calmantes e hidratantes sobre la piel irritada.<img loading=\"lazy\" decoding=\"async\" class=\"alignleft\" src=\"https:\/\/moonglow.md\/wp-content\/uploads\/2025\/10\/skin1004-madagascar-centella-ampoule-foam-125ml-2.jpg\" width=\"497\" height=\"497\" \/><\/p>\n<p>Madagascar Centella Espuma en Ampolla se basa en un producto en ampolla con la adici\u00f3n de Centella asi\u00e1tica y un complejo vitam\u00ednico a base de hierbas. Este producto tiene una acidez lo m\u00e1s cercana posible a la natural y por tanto tiene una acidez neutra. La espuma de lavado limpia suavemente la piel y los poros, eliminando las impurezas y el exceso de sebo. Apto para todo tipo de pieles. Tambi\u00e9n se puede utilizar durante el embarazo y la lactancia.<\/p>\n<p>&nbsp;<\/p>\n<h3>Principales ingredientes activos:<\/h3>\n<p><strong>Centella Madagascar:<\/strong> es un remedio popular con efecto antiinflamatorio. El extracto de la planta contiene potentes antioxidantes que estimulan la producci\u00f3n de col\u00e1geno natural y \u00e1cido hialur\u00f3nico. Centella llena la dermis de humedad y nutrientes.<\/p>\n<p><strong>Cocoil isetionato de sodio:<\/strong> un ingrediente limpiador activo que act\u00faa suavemente sobre la piel sin da\u00f1ar ni irritar la barrera protectora de la piel.<\/p>\n<p>&nbsp;<\/p>\n<h3>Beneficios:<\/h3>\n<ul>\n<li>Composici\u00f3n natural.<\/li>\n<li>PH neutro 5.<\/li>\n<li>Limpieza suave.<\/li>\n<li>No contiene fragancias ni colorantes nocivos.<\/li>\n<\/ul>\n<p><img loading=\"lazy\" decoding=\"async\" class=\"alignright\" src=\"https:\/\/beautyeditmayfair.com\/cdn\/shop\/files\/CentellaAmpouleFoam_2.jpg?v=1753741451&amp;width=1445\" width=\"650\" height=\"866\" \/><\/p>\n<h3><strong>Ventajas:\u00a0<\/strong><\/h3>\n<ul>\n<li><strong>Limpieza eficaz:<\/strong>\u00a0Elimina eficazmente el maquillaje y las impurezas sin irritar la piel.<\/li>\n<li><strong>pH equilibrado:<\/strong>\u00a0Tiene un pH ideal de 5, que ayuda a preservar el equilibrio natural de la piel.<\/li>\n<li><strong>Ingrediente principal con Ventajas:<\/strong>\u00a0Contiene extracto de Centella Asi\u00e1tica, conocida por sus propiedades calmantes e hidratantes.<\/li>\n<li><strong>Adecuado para pieles sensibles:<\/strong>\u00a0Sus ingredientes naturales y calmantes lo hacen adecuado para personas con piel sensible.<\/li>\n<\/ul>\n<p><strong>Uso:<\/strong><\/p>\n<ol>\n<li><strong>Preparaci\u00f3n:<\/strong>\u00a0Empieza moj\u00e1ndote las manos.<\/li>\n<li><strong>Aplicar el producto:<\/strong>\u00a0Tome una cantidad adecuada del producto en sus manos.<\/li>\n<li><strong>Crear espuma:<\/strong>\u00a0Fr\u00f3tese las manos para crear una espuma abundante.<\/li>\n<li><strong>Aplicar sobre el rostro:<\/strong>\u00a0Aplicar suavemente la espuma sobre el rostro y masajear suavemente.<\/li>\n<li><strong>Aclarar:<\/strong>\u00a0Aclarar la cara con agua tibia despu\u00e9s de masajear la piel.<\/li>\n<\/ol>\n<p>Madagascar Centella Ampoule Foam tiene una textura \u00fanica similar a la de una mascarilla de arcilla, y se convierte en espuma cuando se combina con agua.<\/p>\n","protected":false},"excerpt":{"rendered":"<p>MADAGASCAR CENTELLA AMPOULE FOAM Es una\u00a0espuma limpiadora que elimina eficazmente el maquillaje y las impurezas sin resecar la piel. El<\/p>\n","protected":false},"featured_media":97717,"comment_status":"open","ping_status":"closed","template":"","meta":{"nf_dc_page":""},"product_brand":[2689],"product_cat":[104],"product_tag":[2702],"class_list":{"0":"post-97716","1":"product","2":"type-product","3":"status-publish","4":"has-post-thumbnail","6":"product_brand-skin1004","7":"product_cat-skin-care","8":"product_tag-2702","10":"first","11":"outofstock","12":"shipping-taxable","13":"purchasable","14":"product-type-simple"},"_links":{"self":[{"href":"https:\/\/brandss.com.py\/index\/wp-json\/wp\/v2\/product\/97716","targetHints":{"allow":["GET"]}}],"collection":[{"href":"https:\/\/brandss.com.py\/index\/wp-json\/wp\/v2\/product"}],"about":[{"href":"https:\/\/brandss.com.py\/index\/wp-json\/wp\/v2\/types\/product"}],"replies":[{"embeddable":true,"href":"https:\/\/brandss.com.py\/index\/wp-json\/wp\/v2\/comments?post=97716"}],"version-history":[{"count":1,"href":"https:\/\/brandss.com.py\/index\/wp-json\/wp\/v2\/product\/97716\/revisions"}],"predecessor-version":[{"id":97724,"href":"https:\/\/brandss.com.py\/index\/wp-json\/wp\/v2\/product\/97716\/revisions\/97724"}],"wp:featuredmedia":[{"embeddable":true,"href":"https:\/\/brandss.com.py\/index\/wp-json\/wp\/v2\/media\/97717"}],"wp:attachment":[{"href":"https:\/\/brandss.com.py\/index\/wp-json\/wp\/v2\/media?parent=97716"}],"wp:term":[{"taxonomy":"product_brand","embeddable":true,"href":"https:\/\/brandss.com.py\/index\/wp-json\/wp\/v2\/product_brand?post=97716"},{"taxonomy":"product_cat","embeddable":true,"href":"https:\/\/brandss.com.py\/index\/wp-json\/wp\/v2\/product_cat?post=97716"},{"taxonomy":"product_tag","embeddable":true,"href":"https:\/\/brandss.com.py\/index\/wp-json\/wp\/v2\/product_tag?post=97716"}],"curies":[{"name":"wp","href":"https:\/\/api.w.org\/{rel}","templated":true}]}}