{"id":97760,"date":"2026-02-07T13:29:41","date_gmt":"2026-02-07T13:29:41","guid":{"rendered":"https:\/\/brandss.com.py\/index\/?post_type=product&#038;p=97760"},"modified":"2026-02-07T13:30:36","modified_gmt":"2026-02-07T13:30:36","slug":"shampoo-capilar-kerasys-devils-perfumed-midnight-fantasy-1000ml","status":"publish","type":"product","link":"https:\/\/brandss.com.py\/index\/producto\/shampoo-capilar-kerasys-devils-perfumed-midnight-fantasy-1000ml\/","title":{"rendered":"SHAMPOO CAPILAR KERASYS DEVIL&#8217;S PERFUMED MIDNIGHT FANTASY 1000ML"},"content":{"rendered":"<p><img loading=\"lazy\" decoding=\"async\" class=\"\" src=\"https:\/\/acdn-us.mitiendanube.com\/stores\/006\/567\/235\/themes\/common\/logo-2027072255-1755034523-ec9fa1f2ce585f2d0ef3c935b64032841755034523.png?0\" alt=\"Tienda Online de KERASYS\" width=\"142\" height=\"48\" \/><\/p>\n<h1>DEVIL&#8217;S PERFUMED MIDNIGHT FANTASY<\/h1>\n<h4><em>Abraza la noche con una elegancia encantadora<\/em><\/h4>\n<p>Deja que tu cabello florezca de misterio mientras Midnight Fantasy llena el aire con seductoras notas florales. Inspirado en la sensualidad de la noche, este champ\u00fa perfumado ofrece un aroma elegante y duradero que perdura como una fragancia personal.<\/p>\n<p>Midnight fantasy es un lujoso champ\u00fa premium dise\u00f1ado para quienes buscan una limpieza profunda y revitalizar su cuero cabelludo y cabello. Perfecto para mantener un cabello sano y brillante, deja una fragancia encantadora y duradera con cada lavado.<\/p>\n<h3>Beneficios<\/h3>\n<ul>\n<li>Eliminaci\u00f3n eficaz de suciedad, exceso de aceite y acumulaci\u00f3n de producto.<\/li>\n<li>Fortalece las ra\u00edces del cabello y reduce la rotura.<\/li>\n<li>Proporciona una sensaci\u00f3n refrescante y vigoriza el cuero cabelludo.<\/li>\n<li>Enriquece el cabello con un aroma sofisticado y duradero.<\/li>\n<li>Mantiene el equilibrio de hidrataci\u00f3n para un cabello suave y manejable.<\/li>\n<\/ul>\n<h3>Caracter\u00edsticas Clave<\/h3>\n<ul>\n<li>Perfume floral aroma rico en perfume floral.<\/li>\n<li>Un ramo de ensue\u00f1o que despierta tus sentidos.<\/li>\n<li>Textura de cabello suave y sedoso.<\/li>\n<li>\u00a1M\u00e1s del 81% de los usuarios notaron un cabello m\u00e1s suave despu\u00e9s de su uso!.<\/li>\n<li>Espuma densa y lujosa..<\/li>\n<li>Perfecto para cuero cabelludo normal y todo tipo de cabello.<\/li>\n<\/ul>\n<h3>Notas Olfativas<\/h3>\n<p>Una fragancia floral dulce pero misteriosa inspirada en las noches estrelladas.<\/p>\n<p><strong>Notas de salida:<\/strong> an\u00eds, mora.<\/p>\n<p><strong>Notas de coraz\u00f3n:<\/strong> iris, jazm\u00edn, cilantro.<\/p>\n<p><strong>Notas de fondo:<\/strong> vainilla, s\u00e1ndalo.<\/p>\n","protected":false},"excerpt":{"rendered":"<p>DEVIL&#8217;S PERFUMED MIDNIGHT FANTASY Abraza la noche con una elegancia encantadora Deja que tu cabello florezca de misterio mientras Midnight<\/p>\n","protected":false},"featured_media":97761,"comment_status":"open","ping_status":"closed","template":"","meta":{"nf_dc_page":""},"product_brand":[204],"product_cat":[85],"product_tag":[2709],"class_list":{"0":"post-97760","1":"product","2":"type-product","3":"status-publish","4":"has-post-thumbnail","6":"product_brand-kerasys","7":"product_cat-cosmeticos","8":"product_tag-2709","10":"first","11":"instock","12":"shipping-taxable","13":"purchasable","14":"product-type-simple"},"_links":{"self":[{"href":"https:\/\/brandss.com.py\/index\/wp-json\/wp\/v2\/product\/97760","targetHints":{"allow":["GET"]}}],"collection":[{"href":"https:\/\/brandss.com.py\/index\/wp-json\/wp\/v2\/product"}],"about":[{"href":"https:\/\/brandss.com.py\/index\/wp-json\/wp\/v2\/types\/product"}],"replies":[{"embeddable":true,"href":"https:\/\/brandss.com.py\/index\/wp-json\/wp\/v2\/comments?post=97760"}],"version-history":[{"count":1,"href":"https:\/\/brandss.com.py\/index\/wp-json\/wp\/v2\/product\/97760\/revisions"}],"predecessor-version":[{"id":97763,"href":"https:\/\/brandss.com.py\/index\/wp-json\/wp\/v2\/product\/97760\/revisions\/97763"}],"wp:featuredmedia":[{"embeddable":true,"href":"https:\/\/brandss.com.py\/index\/wp-json\/wp\/v2\/media\/97761"}],"wp:attachment":[{"href":"https:\/\/brandss.com.py\/index\/wp-json\/wp\/v2\/media?parent=97760"}],"wp:term":[{"taxonomy":"product_brand","embeddable":true,"href":"https:\/\/brandss.com.py\/index\/wp-json\/wp\/v2\/product_brand?post=97760"},{"taxonomy":"product_cat","embeddable":true,"href":"https:\/\/brandss.com.py\/index\/wp-json\/wp\/v2\/product_cat?post=97760"},{"taxonomy":"product_tag","embeddable":true,"href":"https:\/\/brandss.com.py\/index\/wp-json\/wp\/v2\/product_tag?post=97760"}],"curies":[{"name":"wp","href":"https:\/\/api.w.org\/{rel}","templated":true}]}}