{"id":97989,"date":"2026-02-10T18:18:18","date_gmt":"2026-02-10T18:18:18","guid":{"rendered":"https:\/\/brandss.com.py\/index\/?post_type=product&#038;p=97989"},"modified":"2026-02-10T18:18:39","modified_gmt":"2026-02-10T18:18:39","slug":"esmalte-de-unas-armaf-beaute-breathable-halal-enamel-soft-tulip-9ml","status":"publish","type":"product","link":"https:\/\/brandss.com.py\/index\/producto\/esmalte-de-unas-armaf-beaute-breathable-halal-enamel-soft-tulip-9ml\/","title":{"rendered":"ESMALTE DE U\u00d1AS ARMAF BEAUT\u00c9 BREATHABLE HALAL ENAMEL SOFT TULIP 9ML"},"content":{"rendered":"<p><img loading=\"lazy\" decoding=\"async\" class=\"\" src=\"https:\/\/i0.wp.com\/rneydistribution.com\/img\/brands-cards\/armaf\/logo.png?resize=100%2C99&amp;ssl=1\" alt=\"Armaf | RNEY\" width=\"100\" height=\"99\" data-recalc-dims=\"1\" \/><\/p>\n<h1>BREATHABLE HALAL ENAMEL<\/h1>\n<p data-start=\"254\" data-end=\"657\">Descubre una nueva forma de embellecer tus u\u00f1as sin comprometer tu bienestar. El Breathable Halal Nail Enamel de ARMAF es un esmalte de u\u00f1as innovador que combina acabado impecable y estilo elegante con una f\u00f3rmula pensada para dejar que tus u\u00f1as respiren, gracias a su capacidad de permitir el paso de ox\u00edgeno y agua a trav\u00e9s de la capa de color.<\/p>\n<p data-start=\"254\" data-end=\"657\">\n<h3 data-start=\"659\" data-end=\"1349\"><strong data-start=\"662\" data-end=\"693\">Caracter\u00edsticas destacadas<\/strong><\/h3>\n<ul>\n<li data-start=\"659\" data-end=\"1349\"><strong data-start=\"698\" data-end=\"735\">Certificado Halal y wudu-friendly:\u00a0<\/strong>formulado para ser compatible con rituales que requieren contacto con el agua.<\/li>\n<li data-start=\"659\" data-end=\"1349\"><strong data-start=\"859\" data-end=\"883\">F\u00f3rmula transpirable:\u00a0<\/strong>deja pasar ox\u00edgeno y vapor de agua, manteniendo las u\u00f1as saludables.<\/li>\n<li data-start=\"659\" data-end=\"1349\"><strong data-start=\"997\" data-end=\"1029\">Acabado brillante y duradero:\u00a0<\/strong>color intenso que se mantiene impecable por m\u00e1s tiempo.<\/li>\n<li data-start=\"659\" data-end=\"1349\"><strong data-start=\"1130\" data-end=\"1171\">Secado r\u00e1pido y resistente a astillas:\u00a0<\/strong>pr\u00e1ctica para tu rutina diaria.<\/li>\n<li data-start=\"659\" data-end=\"1349\"><strong data-start=\"1248\" data-end=\"1272\">Ligero y no pegajoso:\u00a0<\/strong>f\u00e1cil de aplicar y c\u00f3modo de llevar.<\/li>\n<li data-start=\"659\" data-end=\"1349\"><strong>Color N\u00b0:<\/strong> HL307 soft tulip.<\/li>\n<\/ul>\n<p data-start=\"659\" data-end=\"1349\">\n<p data-start=\"1351\" data-end=\"1610\">Ideal para quienes buscan un nail look elegante, consciente y vers\u00e1til, este esmalte no solo realza tus u\u00f1as con un brillo sofisticado, sino que tambi\u00e9n ofrece una alternativa moderna a los esmaltes convencionales.<\/p>\n","protected":false},"excerpt":{"rendered":"<p>BREATHABLE HALAL ENAMEL Descubre una nueva forma de embellecer tus u\u00f1as sin comprometer tu bienestar. El Breathable Halal Nail Enamel<\/p>\n","protected":false},"featured_media":97990,"comment_status":"open","ping_status":"closed","template":"","meta":{"nf_dc_page":""},"product_brand":[106],"product_cat":[85],"product_tag":[2756],"class_list":{"0":"post-97989","1":"product","2":"type-product","3":"status-publish","4":"has-post-thumbnail","6":"product_brand-armaf","7":"product_cat-cosmeticos","8":"product_tag-2756","10":"first","11":"instock","12":"shipping-taxable","13":"purchasable","14":"product-type-simple"},"_links":{"self":[{"href":"https:\/\/brandss.com.py\/index\/wp-json\/wp\/v2\/product\/97989","targetHints":{"allow":["GET"]}}],"collection":[{"href":"https:\/\/brandss.com.py\/index\/wp-json\/wp\/v2\/product"}],"about":[{"href":"https:\/\/brandss.com.py\/index\/wp-json\/wp\/v2\/types\/product"}],"replies":[{"embeddable":true,"href":"https:\/\/brandss.com.py\/index\/wp-json\/wp\/v2\/comments?post=97989"}],"version-history":[{"count":1,"href":"https:\/\/brandss.com.py\/index\/wp-json\/wp\/v2\/product\/97989\/revisions"}],"predecessor-version":[{"id":97992,"href":"https:\/\/brandss.com.py\/index\/wp-json\/wp\/v2\/product\/97989\/revisions\/97992"}],"wp:featuredmedia":[{"embeddable":true,"href":"https:\/\/brandss.com.py\/index\/wp-json\/wp\/v2\/media\/97990"}],"wp:attachment":[{"href":"https:\/\/brandss.com.py\/index\/wp-json\/wp\/v2\/media?parent=97989"}],"wp:term":[{"taxonomy":"product_brand","embeddable":true,"href":"https:\/\/brandss.com.py\/index\/wp-json\/wp\/v2\/product_brand?post=97989"},{"taxonomy":"product_cat","embeddable":true,"href":"https:\/\/brandss.com.py\/index\/wp-json\/wp\/v2\/product_cat?post=97989"},{"taxonomy":"product_tag","embeddable":true,"href":"https:\/\/brandss.com.py\/index\/wp-json\/wp\/v2\/product_tag?post=97989"}],"curies":[{"name":"wp","href":"https:\/\/api.w.org\/{rel}","templated":true}]}}