{"id":98606,"date":"2026-02-17T18:53:15","date_gmt":"2026-02-17T18:53:15","guid":{"rendered":"https:\/\/brandss.com.py\/index\/?post_type=product&#038;p=98606"},"modified":"2026-02-17T18:53:40","modified_gmt":"2026-02-17T18:53:40","slug":"polvo-facial-armaf-beaute-hd-loose-translucent-9gr","status":"publish","type":"product","link":"https:\/\/brandss.com.py\/index\/producto\/polvo-facial-armaf-beaute-hd-loose-translucent-9gr\/","title":{"rendered":"POLVO FACIAL ARMAF BEAUT\u00c9 HD LOOSE TRANSLUCENT 9GR"},"content":{"rendered":"<p><img loading=\"lazy\" decoding=\"async\" class=\"\" src=\"https:\/\/odora.bg\/wp-content\/uploads\/2025\/08\/ZXVZX.png\" alt=\"Armaf - ODORA\" width=\"104\" height=\"104\" \/><\/p>\n<h1>HD LOOSE<\/h1>\n<div class=\"OverviewTab-module-scss-module__NTeOuq__overviewDescriptionCtr\">\n<div class=\"OverviewDescription-module-scss-module__VOioTG__overviewDescriptionWrapper\">\n<p><span dir=\"auto\">Potencia tu maquillaje con nuestros innovadores polvos sueltos HD. Su f\u00f3rmula ligera y vegana se funde suavemente con tu piel, disimulando las irregularidades y proporcionando un acabado mate aterciopelado y uniforme. Su textura ligera y ultrasuave garantiza una definici\u00f3n impecable que dura todo el d\u00eda, ayud\u00e1ndote a realzar tu belleza sin comprometer la salud de tu piel. Perfectos para fijar la base, aplicar el maquillaje en la zona de los ojos o simplemente retocar sobre la marcha, nuestros polvos sueltos HD son tu arma secreta para un look profesional y duradero.<img decoding=\"async\" class=\"alignleft\" src=\"https:\/\/armafbeaute.com\/cdn\/shop\/files\/6294015186895_5.jpg?v=1763986916\" \/><\/span><\/p>\n<p>HD Loose Powder es una f\u00f3rmula vegana ultraligera que se funde delicadamente con la piel y disimula las irregularidades, brind\u00e1ndote un acabado mate aterciopelado y uniforme. Su textura ligera y ultrasuave te proporciona una definici\u00f3n impecable que dura todo el d\u00eda, ayud\u00e1ndote a realzar tu belleza sin comprometer tu maquillaje perfecto.<\/p>\n<\/div>\n<\/div>\n<div class=\"OverviewTab-module-scss-module__NTeOuq__highlightsCtr\">\n<h3><\/h3>\n<h3 class=\"OverviewTab-module-scss-module__NTeOuq__columnTitle\"><span dir=\"auto\">Caracter\u00edsticas<\/span><\/h3>\n<p>&nbsp;<\/p>\n<ul>\n<li><span dir=\"auto\"><strong>Acabado de alta definici\u00f3n:<\/strong> Consigue un look mate suave, aterciopelado e impecable que difumina las imperfecciones e irregularidades.<\/span><\/li>\n<li><span dir=\"auto\"><strong>Vegano y amor por la piel:<\/strong> Esta f\u00f3rmula vegana y liviana es suave con tu piel, lo que te permite perfeccionar tu apariencia sin concesiones.<\/span><\/li>\n<li><span dir=\"auto\"><strong>Duraci\u00f3n de todo el d\u00eda:<\/strong> Nuestra textura ultra suave fija el maquillaje en su lugar, asegurando que su definici\u00f3n impecable dure todo el d\u00eda.<\/span><\/li>\n<li><span dir=\"auto\"><strong>Ligero y c\u00f3modo:<\/strong> Tan liviano que olvidar\u00e1s que lo llevas puesto, este polvo se fusiona perfectamente con tu piel sin sentirse pesado ni apelmazado.<\/span><\/li>\n<li><span dir=\"auto\"><strong>Aplicaci\u00f3n vers\u00e1til:<\/strong> Ideal para fijar la base, hornear o retocar durante el d\u00eda para controlar el brillo y mantener un acabado perfecto.<\/span><\/li>\n<\/ul>\n<h3><strong><span dir=\"auto\">Beneficios<\/span><\/strong><\/h3>\n<p><span dir=\"auto\">1. Alta definici\u00f3n.<\/span><br \/>\n<span dir=\"auto\">2. Ultra suave.<\/span><br \/>\n<span dir=\"auto\">3. Ligero como una pluma.<\/span><br \/>\n<span dir=\"auto\">4. 3 tonos.<\/span><\/p>\n<h3><strong><span dir=\"auto\">Modo de uso<\/span><\/strong><\/h3>\n<p><span dir=\"auto\">1. Usa una brocha limpia para aplicar polvos sueltos HD Loose Powder en todo el rostro despu\u00e9s de aplicar el corrector o la base.<\/span><br \/>\n<span dir=\"auto\">2. Enfatiza las zonas propensas a reflejos, como la zona T.<\/span><br \/>\n<span dir=\"auto\">3. Consejo: Para un look m\u00e1s natural, usa una brocha aplicadora m\u00e1s peque\u00f1a para cubrir solo las zonas que desees, como la zona debajo de los ojos o alrededor de la nariz.<\/span><br \/>\n<span dir=\"auto\">4. Difumina bien para un acabado brillante sin l\u00edneas ni manchas.<\/span><\/p>\n<\/div>\n","protected":false},"excerpt":{"rendered":"<p>HD LOOSE Potencia tu maquillaje con nuestros innovadores polvos sueltos HD. Su f\u00f3rmula ligera y vegana se funde suavemente con<\/p>\n","protected":false},"featured_media":98607,"comment_status":"open","ping_status":"closed","template":"","meta":{"nf_dc_page":""},"product_brand":[106],"product_cat":[95],"product_tag":[2873],"class_list":{"0":"post-98606","1":"product","2":"type-product","3":"status-publish","4":"has-post-thumbnail","6":"product_brand-armaf","7":"product_cat-maquillaje","8":"product_tag-2873","10":"first","11":"instock","12":"shipping-taxable","13":"purchasable","14":"product-type-simple"},"_links":{"self":[{"href":"https:\/\/brandss.com.py\/index\/wp-json\/wp\/v2\/product\/98606","targetHints":{"allow":["GET"]}}],"collection":[{"href":"https:\/\/brandss.com.py\/index\/wp-json\/wp\/v2\/product"}],"about":[{"href":"https:\/\/brandss.com.py\/index\/wp-json\/wp\/v2\/types\/product"}],"replies":[{"embeddable":true,"href":"https:\/\/brandss.com.py\/index\/wp-json\/wp\/v2\/comments?post=98606"}],"version-history":[{"count":1,"href":"https:\/\/brandss.com.py\/index\/wp-json\/wp\/v2\/product\/98606\/revisions"}],"predecessor-version":[{"id":98611,"href":"https:\/\/brandss.com.py\/index\/wp-json\/wp\/v2\/product\/98606\/revisions\/98611"}],"wp:featuredmedia":[{"embeddable":true,"href":"https:\/\/brandss.com.py\/index\/wp-json\/wp\/v2\/media\/98607"}],"wp:attachment":[{"href":"https:\/\/brandss.com.py\/index\/wp-json\/wp\/v2\/media?parent=98606"}],"wp:term":[{"taxonomy":"product_brand","embeddable":true,"href":"https:\/\/brandss.com.py\/index\/wp-json\/wp\/v2\/product_brand?post=98606"},{"taxonomy":"product_cat","embeddable":true,"href":"https:\/\/brandss.com.py\/index\/wp-json\/wp\/v2\/product_cat?post=98606"},{"taxonomy":"product_tag","embeddable":true,"href":"https:\/\/brandss.com.py\/index\/wp-json\/wp\/v2\/product_tag?post=98606"}],"curies":[{"name":"wp","href":"https:\/\/api.w.org\/{rel}","templated":true}]}}