{"id":98979,"date":"2026-02-21T14:02:54","date_gmt":"2026-02-21T14:02:54","guid":{"rendered":"https:\/\/brandss.com.py\/index\/?post_type=product&#038;p=98979"},"modified":"2026-04-09T10:44:09","modified_gmt":"2026-04-09T10:44:09","slug":"perfume-femenino-al-wataniah-al-andalus-castilla-edp-75ml","status":"publish","type":"product","link":"https:\/\/brandss.com.py\/index\/producto\/perfume-femenino-al-wataniah-al-andalus-castilla-edp-75ml\/","title":{"rendered":"PERFUME FEMENINO AL WATANIAH AL ANDALUS CASTILLA EDP 100ML"},"content":{"rendered":"<p><img loading=\"lazy\" decoding=\"async\" class=\"\" src=\"https:\/\/www.alwataniah.com\/cdn\/shop\/files\/alwatniah-logo.webp?v=1759732990&amp;width=500\" alt=\"About Us | Al Wataniah Perfumes Official \u2013 Alwataniah\" width=\"115\" height=\"108\" \/><\/p>\n<h1>AL ANDALUS CASTILLA<\/h1>\n<p>Experimente la frescura absoluta con Castilla, una creaci\u00f3n magistral de la casa Al Wataniah. Esta fragancia es un viaje sensorial que comienza con vivacidad y termina en un c\u00e1lido abrazo, perfecto para quienes desean irradiar elegancia y vitalidad durante todo el d\u00eda.<img decoding=\"async\" class=\"alignleft\" src=\"https:\/\/d3cdlnm7te7ky2.cloudfront.net\/media\/catalog\/product\/cache\/1f1b8d9a1b49678555bea203c2f52e39\/1\/5\/158645-c-castilla-woman-edp-100ml.jpg\" \/><\/p>\n<p>Un lujo atemporal para disfrutar una y otra vez. Un juego de delicadas notas florales y ricas notas afrutadas que cautivan desde el primer momento. La elegante fragancia para mujeres, Castilla de Al Wataniah Khususi, seguramente atraer\u00e1 a los amantes de las composiciones orientales.<\/p>\n<p>Experimente la energ\u00eda vibrante y la comodidad inolvidable de Castilla Al Wataniah.<\/p>\n<h3><\/h3>\n<h3>Notas Olfativas<\/h3>\n<p>&nbsp;<\/p>\n<p>Castilla, una fragancia que cautiva desde la primera rociada. <span dir=\"auto\">La experiencia comienza con una vibrante mezcla c\u00edtrica de lim\u00f3n y bergamota, suavizada por la suculenta dulzura de la grosella negra y la pera. En el coraz\u00f3n, la fragancia adquiere matices de sofisticaci\u00f3n con el geranio floral y el toque especiado del cardamomo, aportando una elegancia atemporal a la composici\u00f3n.<\/span><\/p>\n<p><span dir=\"auto\">El final es rico y profundamente reconfortante: una base de s\u00e1ndalo y cedro se funde con un exclusivo acorde gourmand y vainilla, brindando un final c\u00e1lido y sensual que perdura maravillosamente en la piel. Castilla es la opci\u00f3n ideal para quienes buscan la frescura de las frutas con la profundidad del lujo gourmand.<\/span><\/p>\n<p><strong><span dir=\"auto\">Notas de salida:<\/span><\/strong><span dir=\"auto\"> bergamota, lim\u00f3n, pera, mora.<\/span><br \/>\n<strong><span dir=\"auto\">Notas de coraz\u00f3n:<\/span><\/strong><span dir=\"auto\"> geranio, cardamomo.<\/span><br \/>\n<strong><span dir=\"auto\">Notas de fondo:<\/span><\/strong><span dir=\"auto\"> s\u00e1ndalo, cedro, acorde de vainilla\/gourmand.<\/span><\/p>\n<p>&nbsp;<\/p>\n","protected":false},"excerpt":{"rendered":"<p>AL ANDALUS CASTILLA Experimente la frescura absoluta con Castilla, una creaci\u00f3n magistral de la casa Al Wataniah. Esta fragancia es<\/p>\n","protected":false},"featured_media":98980,"comment_status":"open","ping_status":"closed","template":"","meta":{"nf_dc_page":""},"product_brand":[105],"product_cat":[84],"product_tag":[2931],"class_list":{"0":"post-98979","1":"product","2":"type-product","3":"status-publish","4":"has-post-thumbnail","6":"product_brand-al-wataniah","7":"product_cat-perfumeria","8":"product_tag-2931","10":"first","11":"instock","12":"shipping-taxable","13":"purchasable","14":"product-type-simple"},"_links":{"self":[{"href":"https:\/\/brandss.com.py\/index\/wp-json\/wp\/v2\/product\/98979","targetHints":{"allow":["GET"]}}],"collection":[{"href":"https:\/\/brandss.com.py\/index\/wp-json\/wp\/v2\/product"}],"about":[{"href":"https:\/\/brandss.com.py\/index\/wp-json\/wp\/v2\/types\/product"}],"replies":[{"embeddable":true,"href":"https:\/\/brandss.com.py\/index\/wp-json\/wp\/v2\/comments?post=98979"}],"version-history":[{"count":2,"href":"https:\/\/brandss.com.py\/index\/wp-json\/wp\/v2\/product\/98979\/revisions"}],"predecessor-version":[{"id":98991,"href":"https:\/\/brandss.com.py\/index\/wp-json\/wp\/v2\/product\/98979\/revisions\/98991"}],"wp:featuredmedia":[{"embeddable":true,"href":"https:\/\/brandss.com.py\/index\/wp-json\/wp\/v2\/media\/98980"}],"wp:attachment":[{"href":"https:\/\/brandss.com.py\/index\/wp-json\/wp\/v2\/media?parent=98979"}],"wp:term":[{"taxonomy":"product_brand","embeddable":true,"href":"https:\/\/brandss.com.py\/index\/wp-json\/wp\/v2\/product_brand?post=98979"},{"taxonomy":"product_cat","embeddable":true,"href":"https:\/\/brandss.com.py\/index\/wp-json\/wp\/v2\/product_cat?post=98979"},{"taxonomy":"product_tag","embeddable":true,"href":"https:\/\/brandss.com.py\/index\/wp-json\/wp\/v2\/product_tag?post=98979"}],"curies":[{"name":"wp","href":"https:\/\/api.w.org\/{rel}","templated":true}]}}