{"id":99129,"date":"2026-02-24T13:05:27","date_gmt":"2026-02-24T13:05:27","guid":{"rendered":"https:\/\/brandss.com.py\/index\/?post_type=product&#038;p=99129"},"modified":"2026-03-16T17:59:36","modified_gmt":"2026-03-16T17:59:36","slug":"perfume-masculino-rasasi-hawas-fire-edp-100ml","status":"publish","type":"product","link":"https:\/\/brandss.com.py\/index\/producto\/perfume-masculino-rasasi-hawas-fire-edp-100ml\/","title":{"rendered":"PERFUME MASCULINO RASASI HAWAS FIRE EDP 100ML"},"content":{"rendered":"<p><img loading=\"lazy\" decoding=\"async\" class=\"\" src=\"https:\/\/s3.ap-southeast-1.amazonaws.com\/cdn1.sgliteasset.com\/shamperf\/images\/brand\/brand-17237\/cached\/qT2xvYlA683ca8bf6a0f2_1748805823_420x420.jpg\" alt=\"Rasasi Perfumes \u2013 Dubai's Heritage Fragrance Brand | Sham Perfume Malaysia\" width=\"108\" height=\"84\" \/><\/p>\n<h1>HAWAS FIRE<\/h1>\n<p>Es un perfume \u00e1rabe audaz dise\u00f1ado para hombres, con una esencia ardiente que captura la elegancia y la fuerza masculina. Presenta un encanto herb\u00e1ceo con salvia francesa y un frescor terroso. <img loading=\"lazy\" decoding=\"async\" class=\"alignleft\" src=\"https:\/\/aztra.pe\/cdn\/shop\/files\/resizedImg_1000x1000_4_ba329d61-a328-4427-a0cd-736690b8ecf2.jpg?v=1749487681&amp;width=1946\" width=\"590\" height=\"590\" \/><\/p>\n<p>Hawas Fire\u00a0es una fragancia vibrante y vers\u00e1til que combina el frescor acu\u00e1tico con una base c\u00e1lida y envolvente. Perfecta para quienes buscan una esencia moderna y elegante, su aroma evoca la sensaci\u00f3n de un oc\u00e9ano en llamas, donde la brisa marina se mezcla con el resplandor del \u00e1mbar. Ideal para el d\u00eda o la noche, esta creaci\u00f3n de Rasasi deja una estela sofisticada y seductora, adecuada para cualquier ocasi\u00f3n.<\/p>\n<p>&nbsp;<\/p>\n<h3>Notas Olfativas<\/h3>\n<p>&nbsp;<\/p>\n<p>Hawas Fire de Rasasi es una fragancia de la familia olfativa Arom\u00e1tica Acu\u00e1tica para Hombres. Esta fragancia es nueva, se lanz\u00f3 en 2025.\u00a0Hawas Fire es un juego de fuego y agua, una atracci\u00f3n imposible de resistir. La esclarea le da un toque herbal y embriagador, mientras el jazm\u00edn egipcio despierta la piel con su magnetismo salvaje. Las notas marinas y minerales chocan como olas ardientes, dejando una frescura letal, adictiva. El \u00e1mbar y el \u00e1mbar gris envuelven todo en un calor oscuro, profundo, animal. Es deseo en llamas, un incendio imposible de apagar. Te envuelve, te consume, te deja marcado.<\/p>\n<p>Hawas Fire\u2026 cuando el fuego tambi\u00e9n quema bajo el agua!!!<\/p>\n<ul data-start=\"984\" data-end=\"1139\">\n<li data-start=\"984\" data-end=\"1020\"><strong data-start=\"986\" data-end=\"1006\">Notas de salida:<\/strong> clary sage.<\/li>\n<li data-start=\"1021\" data-end=\"1078\"><strong data-start=\"1023\" data-end=\"1044\">Notas de coraz\u00f3n:<\/strong> jazm\u00edn egipcio, notas marinas.<\/li>\n<li data-start=\"1079\" data-end=\"1139\"><strong data-start=\"1081\" data-end=\"1100\">Notas de fondo:<\/strong> \u00e1mbar, \u00e1mbar gris, notas minerales.<\/li>\n<\/ul>\n","protected":false},"excerpt":{"rendered":"<p>HAWAS FIRE Es un perfume \u00e1rabe audaz dise\u00f1ado para hombres, con una esencia ardiente que captura la elegancia y la<\/p>\n","protected":false},"featured_media":99130,"comment_status":"open","ping_status":"closed","template":"","meta":{"nf_dc_page":""},"product_brand":[106],"product_cat":[84],"product_tag":[2961],"class_list":{"0":"post-99129","1":"product","2":"type-product","3":"status-publish","4":"has-post-thumbnail","6":"product_brand-armaf","7":"product_cat-perfumeria","8":"product_tag-2961","10":"first","11":"outofstock","12":"shipping-taxable","13":"purchasable","14":"product-type-simple"},"_links":{"self":[{"href":"https:\/\/brandss.com.py\/index\/wp-json\/wp\/v2\/product\/99129","targetHints":{"allow":["GET"]}}],"collection":[{"href":"https:\/\/brandss.com.py\/index\/wp-json\/wp\/v2\/product"}],"about":[{"href":"https:\/\/brandss.com.py\/index\/wp-json\/wp\/v2\/types\/product"}],"replies":[{"embeddable":true,"href":"https:\/\/brandss.com.py\/index\/wp-json\/wp\/v2\/comments?post=99129"}],"version-history":[{"count":1,"href":"https:\/\/brandss.com.py\/index\/wp-json\/wp\/v2\/product\/99129\/revisions"}],"predecessor-version":[{"id":99134,"href":"https:\/\/brandss.com.py\/index\/wp-json\/wp\/v2\/product\/99129\/revisions\/99134"}],"wp:featuredmedia":[{"embeddable":true,"href":"https:\/\/brandss.com.py\/index\/wp-json\/wp\/v2\/media\/99130"}],"wp:attachment":[{"href":"https:\/\/brandss.com.py\/index\/wp-json\/wp\/v2\/media?parent=99129"}],"wp:term":[{"taxonomy":"product_brand","embeddable":true,"href":"https:\/\/brandss.com.py\/index\/wp-json\/wp\/v2\/product_brand?post=99129"},{"taxonomy":"product_cat","embeddable":true,"href":"https:\/\/brandss.com.py\/index\/wp-json\/wp\/v2\/product_cat?post=99129"},{"taxonomy":"product_tag","embeddable":true,"href":"https:\/\/brandss.com.py\/index\/wp-json\/wp\/v2\/product_tag?post=99129"}],"curies":[{"name":"wp","href":"https:\/\/api.w.org\/{rel}","templated":true}]}}