{"id":99587,"date":"2026-03-02T19:15:20","date_gmt":"2026-03-02T19:15:20","guid":{"rendered":"https:\/\/brandss.com.py\/index\/?post_type=product&#038;p=99587"},"modified":"2026-03-02T19:15:45","modified_gmt":"2026-03-02T19:15:45","slug":"perfume-femenino-armaf-club-de-nuit-precieux-iv-edp-55ml","status":"publish","type":"product","link":"https:\/\/brandss.com.py\/index\/producto\/perfume-femenino-armaf-club-de-nuit-precieux-iv-edp-55ml\/","title":{"rendered":"PERFUME FEMENINO ARMAF CLUB DE NUIT PRECIEUX IV EDP 55ML"},"content":{"rendered":"<p><img loading=\"lazy\" decoding=\"async\" class=\"\" src=\"https:\/\/odora.bg\/wp-content\/uploads\/2025\/08\/ZXVZX.png\" alt=\"Armaf - ODORA\" width=\"106\" height=\"106\" \/><\/p>\n<h1>CLUB DE NUIT PRECIEUX IV<\/h1>\n<p>Es una fragancia creada para quienes llaman la atenci\u00f3n con una serena confianza. Sofisticada pero audaz, encarna el equilibrio perfecto entre elegancia atemporal y carisma moderno. Dise\u00f1ada para quienes valoran la distinci\u00f3n, esta fragancia realza tu presencia, dejando una estela de encanto dondequiera que vayas.<\/p>\n<p><img loading=\"lazy\" decoding=\"async\" class=\"alignleft\" src=\"https:\/\/aromatica.cr\/cdn\/shop\/files\/Club-De-Nuit-Precieux-IV-Aromatica-CR-457579051.jpg?v=1763484567&amp;width=990\" width=\"585\" height=\"585\" \/><\/p>\n<h3>Notas Olfativas<\/h3>\n<p>&nbsp;<\/p>\n<p>Club de Nuit Precieux IV es una fragancia de la familia olfativa Floral Frutal Gourmand para Mujeres. Esta fragrancia es nueva. Club de Nuit Precieux IV se lanz\u00f3 en 2025. La Nariz detr\u00e1s de esta fragrancia es Vanessa Prudent.<\/p>\n<p>Club De Nuit Precieux IV es dulce, luminoso y con un toque ex\u00f3tico irresistible. Su inicio mezcla frescura marina con el brillo frutal de la bergamota y la manzana. En el coraz\u00f3n, las flores blancas y las bayas rojas crean una sensaci\u00f3n femenina, jugosa y radiante. El fondo gourmand, con crema batida, vainilla y tonka, aporta calidez envolvente y un acabado adictivamente suave.<\/p>\n<p>Un perfume delicioso, sensual y perfecto para destacar con dulzura y personalidad.<\/p>\n<h3><\/h3>\n<ul>\n<li><strong>Notas de salida:<\/strong> sal de mar, bergamota, manzana.<\/li>\n<li><strong>Notas de coraz\u00f3n:<\/strong> bayas Rojas, ylang-ylang, azucena blanca, jazm\u00edn.<\/li>\n<li><strong>Notas de fondo:<\/strong> crema batida, almizcle, haba tonka, pachul\u00ed, vainilla.<\/li>\n<\/ul>\n","protected":false},"excerpt":{"rendered":"<p>CLUB DE NUIT PRECIEUX IV Es una fragancia creada para quienes llaman la atenci\u00f3n con una serena confianza. Sofisticada pero<\/p>\n","protected":false},"featured_media":99588,"comment_status":"open","ping_status":"closed","template":"","meta":{"nf_dc_page":""},"product_brand":[106],"product_cat":[84],"product_tag":[3012],"class_list":{"0":"post-99587","1":"product","2":"type-product","3":"status-publish","4":"has-post-thumbnail","6":"product_brand-armaf","7":"product_cat-perfumeria","8":"product_tag-3012","10":"first","11":"instock","12":"shipping-taxable","13":"purchasable","14":"product-type-simple"},"_links":{"self":[{"href":"https:\/\/brandss.com.py\/index\/wp-json\/wp\/v2\/product\/99587","targetHints":{"allow":["GET"]}}],"collection":[{"href":"https:\/\/brandss.com.py\/index\/wp-json\/wp\/v2\/product"}],"about":[{"href":"https:\/\/brandss.com.py\/index\/wp-json\/wp\/v2\/types\/product"}],"replies":[{"embeddable":true,"href":"https:\/\/brandss.com.py\/index\/wp-json\/wp\/v2\/comments?post=99587"}],"version-history":[{"count":1,"href":"https:\/\/brandss.com.py\/index\/wp-json\/wp\/v2\/product\/99587\/revisions"}],"predecessor-version":[{"id":99595,"href":"https:\/\/brandss.com.py\/index\/wp-json\/wp\/v2\/product\/99587\/revisions\/99595"}],"wp:featuredmedia":[{"embeddable":true,"href":"https:\/\/brandss.com.py\/index\/wp-json\/wp\/v2\/media\/99588"}],"wp:attachment":[{"href":"https:\/\/brandss.com.py\/index\/wp-json\/wp\/v2\/media?parent=99587"}],"wp:term":[{"taxonomy":"product_brand","embeddable":true,"href":"https:\/\/brandss.com.py\/index\/wp-json\/wp\/v2\/product_brand?post=99587"},{"taxonomy":"product_cat","embeddable":true,"href":"https:\/\/brandss.com.py\/index\/wp-json\/wp\/v2\/product_cat?post=99587"},{"taxonomy":"product_tag","embeddable":true,"href":"https:\/\/brandss.com.py\/index\/wp-json\/wp\/v2\/product_tag?post=99587"}],"curies":[{"name":"wp","href":"https:\/\/api.w.org\/{rel}","templated":true}]}}