{"id":99597,"date":"2026-03-03T11:52:17","date_gmt":"2026-03-03T11:52:17","guid":{"rendered":"https:\/\/brandss.com.py\/index\/?post_type=product&#038;p=99597"},"modified":"2026-03-03T11:53:25","modified_gmt":"2026-03-03T11:53:25","slug":"perfume-unisex-armaf-club-de-nuit-bling-edp-75ml","status":"publish","type":"product","link":"https:\/\/brandss.com.py\/index\/producto\/perfume-unisex-armaf-club-de-nuit-bling-edp-75ml\/","title":{"rendered":"PERFUME UNISEX ARMAF CLUB DE NUIT BLING EDP 75ML"},"content":{"rendered":"<p><img loading=\"lazy\" decoding=\"async\" class=\"\" src=\"https:\/\/odora.bg\/wp-content\/uploads\/2025\/08\/ZXVZX.png\" alt=\"Armaf - ODORA\" width=\"93\" height=\"93\" \/><\/p>\n<h1>CLUB DE NUIT BLING<\/h1>\n<p>Es una moderna fragancia arom\u00e1tica amaderada para hombre y mujer. Est\u00e1 especialmente dise\u00f1ado para quienes disfrutan de un aroma audaz y caracter\u00edstico. Este perfume unisex transmite una energ\u00eda radiante y glamurosa que transmite confianza y estilo desde la primera aplicaci\u00f3n. Con su brillante salida y su c\u00e1lida base aterciopelada, ofrece un aura refinada y expresiva. <img loading=\"lazy\" decoding=\"async\" class=\"alignleft\" src=\"https:\/\/floriaromes.com\/wp-content\/uploads\/2025\/11\/Armaf-Club-de-Nuit-Bling.jpg\" width=\"732\" height=\"732\" \/><\/p>\n<p><span dir=\"auto\">Inspirada en el mundo brillante y ostentoso de Dubai Bling, Club De Nuit \u201cBLING\u201d es una creaci\u00f3n extraordinaria. Cocreada por el empresario e icono del lujo Ebraheem Alsamadi en colaboraci\u00f3n con el maestro perfumista de ARMAF, el Dr. Ali Asgar Fakhruddin, esta fragancia captura la radiante ambici\u00f3n y la magn\u00e9tica elegancia de Dub\u00e1i.<\/span><\/p>\n<p><span dir=\"auto\">BLING fue creado para quienes nacieron para brillar y viven para ser vistos. El viaje olfativo comienza con una explosi\u00f3n luminosa de c\u00edtricos: brillante, cristalino y rebosante de energ\u00eda. En su coraz\u00f3n, la fragancia se suaviza en un delicado &#8220;Prisma de Flores&#8221; y un exclusivo acorde &#8220;Polvo de Estrellas&#8221;, que aporta un toque celestial y et\u00e9reo.<\/span><\/p>\n<p><span dir=\"auto\">La experiencia se consolida sobre una base rica y lujosa de vainilla cremosa y maderas aterciopeladas, que proporciona una estela de elegancia arraigada y duradera. Un verdadero viaje desde la intensa brillantez hasta la sofisticada suavidad. Club De Nuit BLING es la encarnaci\u00f3n del glamour en forma de perfume.<\/span><\/p>\n<p>&nbsp;<\/p>\n<h3>Notas Olfativas<\/h3>\n<p>&nbsp;<\/p>\n<p>Club de Nuit Armaf Bling se despliega con una dualidad cautivadora y compleja. Sus notas est\u00e1n orquestadas para ofrecer una evoluci\u00f3n poderosa, sofisticada y duradera. <span dir=\"auto\">La salida es brillante y chispeante, con c\u00edtricos frescos que realzan la fragancia al instante. Crea una primera impresi\u00f3n limpia y segura con un toque moderno.<\/span><\/p>\n<p dir=\"ltr\"><span dir=\"auto\">Al posarse, el prisma floral y los suaves tonos de polvo de estrellas aportan elegancia y una suave luminosidad. Este coraz\u00f3n se siente refinado y lujoso, y le otorga a la fragancia su car\u00e1cter glamuroso y unisex.<\/span><\/p>\n<p dir=\"ltr\"><span dir=\"auto\">El fondo se vuelve rico y reconfortante, con maderas aterciopeladas que se funden con la cremosa vainilla. Deja una estela c\u00e1lida y duradera, sensual, refinada y memorable.<\/span><\/p>\n<ul>\n<li><strong><span dir=\"auto\">Notas de salida:<\/span><\/strong><span dir=\"auto\"> c\u00edtricos.<\/span><\/li>\n<li><strong><span dir=\"auto\">Notas de coraz\u00f3n:<\/span><\/strong><span dir=\"auto\"> prisma floral, polvo de estrellas.<\/span><\/li>\n<li><strong><span dir=\"auto\">Notas de fondo:<\/span><\/strong><span dir=\"auto\"> maderas aterciopeladas, vainilla.<\/span><\/li>\n<\/ul>\n","protected":false},"excerpt":{"rendered":"<p>CLUB DE NUIT BLING Es una moderna fragancia arom\u00e1tica amaderada para hombre y mujer. Est\u00e1 especialmente dise\u00f1ado para quienes disfrutan<\/p>\n","protected":false},"featured_media":99598,"comment_status":"open","ping_status":"closed","template":"","meta":{"nf_dc_page":""},"product_brand":[106],"product_cat":[84],"product_tag":[3013],"class_list":{"0":"post-99597","1":"product","2":"type-product","3":"status-publish","4":"has-post-thumbnail","6":"product_brand-armaf","7":"product_cat-perfumeria","8":"product_tag-3013","10":"first","11":"instock","12":"shipping-taxable","13":"purchasable","14":"product-type-simple"},"_links":{"self":[{"href":"https:\/\/brandss.com.py\/index\/wp-json\/wp\/v2\/product\/99597","targetHints":{"allow":["GET"]}}],"collection":[{"href":"https:\/\/brandss.com.py\/index\/wp-json\/wp\/v2\/product"}],"about":[{"href":"https:\/\/brandss.com.py\/index\/wp-json\/wp\/v2\/types\/product"}],"replies":[{"embeddable":true,"href":"https:\/\/brandss.com.py\/index\/wp-json\/wp\/v2\/comments?post=99597"}],"version-history":[{"count":1,"href":"https:\/\/brandss.com.py\/index\/wp-json\/wp\/v2\/product\/99597\/revisions"}],"predecessor-version":[{"id":99604,"href":"https:\/\/brandss.com.py\/index\/wp-json\/wp\/v2\/product\/99597\/revisions\/99604"}],"wp:featuredmedia":[{"embeddable":true,"href":"https:\/\/brandss.com.py\/index\/wp-json\/wp\/v2\/media\/99598"}],"wp:attachment":[{"href":"https:\/\/brandss.com.py\/index\/wp-json\/wp\/v2\/media?parent=99597"}],"wp:term":[{"taxonomy":"product_brand","embeddable":true,"href":"https:\/\/brandss.com.py\/index\/wp-json\/wp\/v2\/product_brand?post=99597"},{"taxonomy":"product_cat","embeddable":true,"href":"https:\/\/brandss.com.py\/index\/wp-json\/wp\/v2\/product_cat?post=99597"},{"taxonomy":"product_tag","embeddable":true,"href":"https:\/\/brandss.com.py\/index\/wp-json\/wp\/v2\/product_tag?post=99597"}],"curies":[{"name":"wp","href":"https:\/\/api.w.org\/{rel}","templated":true}]}}