{"id":99697,"date":"2026-03-04T12:06:56","date_gmt":"2026-03-04T12:06:56","guid":{"rendered":"https:\/\/brandss.com.py\/index\/?post_type=product&#038;p=99697"},"modified":"2026-04-22T17:06:32","modified_gmt":"2026-04-22T17:06:32","slug":"perfume-masculino-afnan-supremacy-collectors-edition-edp-100ml","status":"publish","type":"product","link":"https:\/\/brandss.com.py\/index\/producto\/perfume-masculino-afnan-supremacy-collectors-edition-edp-100ml\/","title":{"rendered":"PERFUME MASCULINO AFNAN SUPREMACY COLLECTOR&#8217;S EDITION EDP 100ML"},"content":{"rendered":"<p><img loading=\"lazy\" decoding=\"async\" class=\"\" src=\"https:\/\/www.961scents.com\/cdn\/shop\/collections\/afnan_logo.png?v=1747839919\" alt=\"V\u00e9saura - Afnan Logo Meaning: Symbolism Behind the Afnan\" width=\"101\" height=\"101\" \/><\/p>\n<h1>SUPREMACY COLLECTOR&#8217;S EDITION<\/h1>\n<p>Es un atractivo perfume masculino que celebra la herencia de la colecci\u00f3n Supremacy de Afnan. Esta magn\u00edfica fragancia combina el glamour cl\u00e1sico de un aut\u00e9ntico cl\u00e1sico con un toque fresco de flores blancas y notas de \u00e1mbar, creando una experiencia elegante y fresca, ideal para ocasiones especiales.<img loading=\"lazy\" decoding=\"async\" class=\"alignleft\" src=\"https:\/\/palaciodelsultan.com\/wp-content\/uploads\/2026\/01\/perfume-afnan-supremacy-idea-regalo-hombre.jpg\" width=\"557\" height=\"557\" \/><\/p>\n<p><span dir=\"auto\">Ya sea que se dirija a una reuni\u00f3n de negocios o a una salida formal por la noche, Supremacy Collector&#8217;s Edition es m\u00e1s que solo una fragancia, es su aroma \u00e1rabe caracter\u00edstico.<\/span><\/p>\n<p>&nbsp;<\/p>\n<h3>Notas Olfativas<\/h3>\n<p>&nbsp;<\/p>\n<p>Supremacy Collector&#8217;s Edition Pour Homme Eau de Parfum Afnan, lanzada en 2024, est\u00e1 clasificada como una fragancia para hombres y pertenece a las familias Chypre, Frutal y Floral. <span dir=\"auto\">Con una cautivadora explosi\u00f3n de pi\u00f1a, bergamota y manzana fresca, la fragancia revitaliza los sentidos al instante. El sutil toque floral blanco a\u00f1ade una capa suave y elegante que equilibra a la perfecci\u00f3n las vibrantes notas de salida.\u00a0<\/span><\/p>\n<p><span dir=\"auto\">A medida que se despliega, el coraz\u00f3n de flor de azahar, abedul ahumado y \u00e1mbar c\u00e1lido introduce una rica complejidad, combinando frescura con un toque especiado y ligeramente a cuero. Estas notas medias crean un aura audaz pero a la vez acogedora, ideal tanto para la confianza diurna como para el carisma nocturno.<\/span><\/p>\n<p><span dir=\"auto\">El fondo cl\u00e1sico y masculino de musgo de roble, almizcle y \u00e1mbar gris le otorga a la fragancia una sensaci\u00f3n duradera y duradera. Terrosa y sensual, perdura en la piel con un final maduro y elegante.<\/span><\/p>\n<ul>\n<li><strong><span dir=\"auto\">Notas de salida:<\/span><\/strong> <span dir=\"auto\">pi\u00f1a, bergamota, manzana, flores blancas.<\/span><\/li>\n<li><strong><span dir=\"auto\">Notas de coraz\u00f3n:<\/span><\/strong> <span dir=\"auto\">flor de naranja, abedul, \u00e1mbar.<\/span><\/li>\n<li><strong><span dir=\"auto\">Notas de fondo:<\/span><\/strong> <span dir=\"auto\">musgo de roble, almizcle, \u00e1mbar gris.<\/span><\/li>\n<\/ul>\n","protected":false},"excerpt":{"rendered":"<p>SUPREMACY COLLECTOR&#8217;S EDITION Es un atractivo perfume masculino que celebra la herencia de la colecci\u00f3n Supremacy de Afnan. Esta magn\u00edfica<\/p>\n","protected":false},"featured_media":99698,"comment_status":"open","ping_status":"closed","template":"","meta":{"nf_dc_page":""},"product_brand":[102],"product_cat":[84],"product_tag":[3024],"class_list":{"0":"post-99697","1":"product","2":"type-product","3":"status-publish","4":"has-post-thumbnail","6":"product_brand-afnan","7":"product_cat-perfumeria","8":"product_tag-3024","10":"first","11":"instock","12":"shipping-taxable","13":"purchasable","14":"product-type-simple"},"_links":{"self":[{"href":"https:\/\/brandss.com.py\/index\/wp-json\/wp\/v2\/product\/99697","targetHints":{"allow":["GET"]}}],"collection":[{"href":"https:\/\/brandss.com.py\/index\/wp-json\/wp\/v2\/product"}],"about":[{"href":"https:\/\/brandss.com.py\/index\/wp-json\/wp\/v2\/types\/product"}],"replies":[{"embeddable":true,"href":"https:\/\/brandss.com.py\/index\/wp-json\/wp\/v2\/comments?post=99697"}],"version-history":[{"count":1,"href":"https:\/\/brandss.com.py\/index\/wp-json\/wp\/v2\/product\/99697\/revisions"}],"predecessor-version":[{"id":99707,"href":"https:\/\/brandss.com.py\/index\/wp-json\/wp\/v2\/product\/99697\/revisions\/99707"}],"wp:featuredmedia":[{"embeddable":true,"href":"https:\/\/brandss.com.py\/index\/wp-json\/wp\/v2\/media\/99698"}],"wp:attachment":[{"href":"https:\/\/brandss.com.py\/index\/wp-json\/wp\/v2\/media?parent=99697"}],"wp:term":[{"taxonomy":"product_brand","embeddable":true,"href":"https:\/\/brandss.com.py\/index\/wp-json\/wp\/v2\/product_brand?post=99697"},{"taxonomy":"product_cat","embeddable":true,"href":"https:\/\/brandss.com.py\/index\/wp-json\/wp\/v2\/product_cat?post=99697"},{"taxonomy":"product_tag","embeddable":true,"href":"https:\/\/brandss.com.py\/index\/wp-json\/wp\/v2\/product_tag?post=99697"}],"curies":[{"name":"wp","href":"https:\/\/api.w.org\/{rel}","templated":true}]}}